{"id":27,"date":"2019-10-22T10:18:20","date_gmt":"2019-10-22T10:18:20","guid":{"rendered":"https:\/\/blog.yoopies.no\/svart-til-hvit-vaskehjelp\/"},"modified":"2025-06-12T08:49:42","modified_gmt":"2025-06-12T08:49:42","slug":"svart-til-hvit-vaskehjelp","status":"publish","type":"page","link":"https:\/\/yoopies.no\/c\/svart-til-hvit-vaskehjelp\/","title":{"rendered":"Fra svart til hvit: Hvordan rapportere om l\u00f8nnet vaskehjelp"},"content":{"rendered":"<p><p>Det kan v&aelig;re enkelt &aring; bare betale vaskehjelpen kontant og slippe &aring; tenke p&aring; overf&oslash;ring og skatt, men &aring; betale noen svart kan v&aelig;re problematisk b&aring;de for deg som arbeidsgiver og for arbeidstaker.  Hvor g&aring;r grensen p&aring; hva som er skattefritt og ikke? Har man noen som arbeider i hjemmet eller p&aring; eiendommen skal man registrere det. Her er hva du kan gj&oslash;re for &aring; enkelt betale vaskehjelpen p&aring; lovlig vis, og det er overraskende enkelt!<\/p>\n<\/p>\n<figure><img decoding=\"async\" src=\"https:\/\/yoopies.no\/c\/wp-content\/uploads\/sites\/14\/2019\/10\/d87110b6f4357833403670b11ad60e7d64961442-vaskehjelp.jpg\" \/><figcaption>Vaskehjelp <\/figcaption><\/figure>\n<p><h2><strong>N&aring;r m&aring; man melde i fra?<\/strong><\/h2>\n<p>N&aring;r man har noen som arbeider i hjemmet sitt m&aring; man melde fra.  &Aring; fylle ut skjemaet om l&oslash;nnet arbeid i hjemmet er ikke bare for at du som arbeidsgiver skal melde om at du har noen som arbeider for deg. Det er ogs&aring; slik at vaskehjelpen din skal kunne vise til at de jobber eller har jobbet for deg. Det samme gjelder om man ansetter barnevakt, men det sp&oslash;rs ogs&aring; hvor mye man betaler. If&oslash;lge <a target=\"_blank\" rel=\"noopener\" href=\"https:\/\/www.skatteetaten.no\/skjema\/a04-melding-om-lonnet-arbeid-i-hjemmet\/\">NAV <\/a>skal man bruke skjemaet om f&oslash;lgende:<\/p>\n<ul>\n<li>pass av barn under 12 &aring;r og <strong>l&oslash;nnen overstiger ikke 6000 kroner<\/strong> per ansatt i &aring;ret<\/li>\n<li>pass av barn med s&aelig;rlig behov for omsorg og pleie (uavhengig av alder) og <strong>l&oslash;nnen overstiger ikke 6000 kroner<\/strong> per ansatt i l&oslash;pet av et &aring;r.<\/li>\n<li>annet arbeid i hjemmet (ikke barnepass) og l&oslash;nnen inklusive <strong>verdi av kost og losji overstiger 6000 kroner <\/strong>per ansatt i l&oslash;pet av et &aring;r<\/li>\n<li>annet arbeid i hjemmet (ikke barnepass) og l&oslash;nnen inklusive <strong>verdi av kost og losji for alle ansatte ikke overstiger 60 000 kroner<\/strong> i l&oslash;pet av &aring;ret<\/li>\n<li>verge (etter vergem&aring;lsloven) som <strong>overstiger 6000 kroner<\/strong> per verge i l&oslash;pet av &aring;ret n&aring;r utbetalingen skjer fra dem vergetrengende. <\/li>\n<\/ul>\n<p><h2><strong>Melding om l&oslash;nnet arbeid i hjemmet<\/strong><\/h2>\n<p>S&aring; hvordan melder man i fra om at man betaler noen for &aring; jobbe hjemme hos seg? Det er ganske enkelt. Alt du trenger &aring; gj&oslash;re er &aring; g&aring; p&aring; Altinn og fylle ut skjema<em> A04<\/em>. Du fyller kun inn f&oslash;dselsnummeret til vaskehjelpen din, og skal personen skatte av bel&oslash;pet m&aring; du ogs&aring; hente inn skattekortet deres. Betaler du mindre enn 6000 kroner i &aring;ret vil det v&aelig;re skattefritt da det ses p&aring; som en sm&aring;jobb.<\/p>\n<\/p>\n<p><h2><strong>Hvor mye skal man betale vaskehjelpen?<\/strong><\/h2>\n<p>Sp&oslash;rsm&aring;let som alltid dukker opp: hva skal man egentlig betale vaskehjelpen? &Aring; finne noen gjennom et vaskefirma er det enkleste da firmaet setter prisen, men det kan ogs&aring; bli dyrere enn man er villig til &aring; betale da prisen er h&oslash;yere enn om man ansetter en selvstendig n&aelig;ringsdrivende. Finner man vaskehjelpen sin et annet sted kan det v&aelig;re vanskelig &aring; vite hva man b&oslash;r betale, men det finnes l&oslash;sninger. P&aring; <strong><a target=\"_blank\" rel=\"noopener\" href=\"https:\/\/yoopies.no\/cleaning-services\">Yoopies<\/a><\/strong> for eksempel velger rengj&oslash;ringshjelp selv timepris, men det er ogs&aring; rom for &aring; forhandle. Det anbefales generelt ikke &aring; betale mindre enn 200 kroner i timen.<\/p>\n<\/p>\n<figure><img decoding=\"async\" src=\"https:\/\/yoopies.no\/c\/wp-content\/uploads\/sites\/14\/2019\/10\/96175733dfa04fba90adc240efa60430212a744d-betaling-av-vaskehjelp.jpg\" \/><figcaption>Hva skal man betale vaskehjelpen<\/figcaption><\/figure>\n<p><h2><strong>Fritak fra arbeidsgiveravgift<\/strong><\/h2>\n<p>Er man arbeidsgiver har man ansvaret for &aring; betale inn arbeidsgiveravgift, men heldigvis er det gjort et unntak n&aring;r det kommer til private tjenester fra privatpersoner inntil 60 000 kroner i &aring;ret. Det vil si at om du ikke bruker mer enn 5000 kroner i m&aring;neden p&aring; rengj&oslash;ringshjelp, noe kanskje de f&aelig;rreste gj&oslash;r, vil du kunne unng&aring; &aring; betale arbeidsgiveravgift. Avgiften kan variere fra 0% til 14,1%, s&aring; det er noen kroner man sparer der.   <strong><br \/>\n<\/strong><\/p>\n<\/p>\n<p><h2><strong>Arbeidsgivers ansvar<\/strong><\/h2>\n<p>Men hva er arbeidsgivers ansvar i et arbeidsforhold? Som med alle andre jobber gjelder de samme reglene som feriepenger, sykepenger og arbeidsskadeforsikring. <\/p>\n<ul>\n<li><strong>Feriepenger:  <\/strong>Som arbeidsgiver er man pliktig i &aring; betale feriepenger av l&oslash;nnen som utbetales til arbeidstaker. Det vil si at 10,2% av l&oslash;nnen m&aring; settes av.<\/li>\n<li><strong>Sykepenger: <\/strong>Ved sykefrav&aelig;r er man pliktig i &aring; betale de f&oslash;rste 16 dagene arbeidstaker er satt til &aring; jobbe. S&aring; selv om vaskehjelpen ikke utf&oslash;rer arbeidet m&aring; arbeidsgiver betale for de timene de er satt opp ved fremleggelse av egenmelding. Det samme gjelder om arbeidstaker barn under 12 &aring;r som blir syke. <\/li>\n<li><strong>Yrkesskadeforsikring: <\/strong>Gjelder ikke for arbeid som utf&oslash;res for privatpersoner n&aring;r gjennomsnittlig arbeidstid utgj&oslash;r mindre enn 10 timer per uke.<\/li>\n<\/ul>\n<p><p>S&aring; hva er egentlig ulempene med &aring; rapportere om l&oslash;nnet arbeid i hjemmet? Akkurat, det er ingen! Det er derimot bare fordeler ved &aring; betale vaskehjelpen hvitt. Om du blir tatt for &aring; betale svart kan det f&aring; konsekvenser b&aring;de for arbeidsgiver, arbeidstaker og samfunnet. <\/p>\n<\/p>\n<p><p>P&aring; <strong><a href=\"https:\/\/yoopies.no\">Yoopies <\/a><\/strong>kan du gratis finne kvalifiserte vaskehjelper og avtale pris. Man kan ogs&aring; finne barnevakter, dyrepassere, hjemmehjelp og leksehjelp p&aring; plattformen. <\/p>\n<\/p>\n<p><a class=\"button\" href=\"https:\/\/yoopies.no\/cleaning-services\">Finn en vaskehjelp i dag!<\/a><\/p>\n","protected":false},"excerpt":{"rendered":"<p>Det kan v&aelig;re enkelt &aring; bare betale vaskehjelpen kontant og slippe &aring; tenke p&aring; overf&oslash;ring &hellip; <\/p>\n","protected":false},"author":10,"featured_media":30,"parent":0,"menu_order":0,"comment_status":"closed","ping_status":"closed","template":"","meta":{"_acf_changed":false,"footnotes":""},"class_list":["post-27","page","type-page","status-publish","has-post-thumbnail","hentry"],"acf":[],"yoast_head":"<!-- This site is optimized with the Yoast SEO plugin v26.9 - https:\/\/yoast.com\/product\/yoast-seo-wordpress\/ -->\n<title>Fra svart til hvit: Hvordan rapportere om l\u00f8nnet vaskehjelp<\/title>\n<meta name=\"description\" content=\"\u00c5 betale rengj\u00f8ringshjelpen hvitt kan for mange virke un\u00f8dvendig mye jobb, men ulempene ved \u00e5 betale personen hvitt er f\u00e5, og trenger ikke n\u00f8dvendigvis bli s\u00e5 mye dyrere.\" \/>\n<meta name=\"robots\" content=\"index, follow, max-snippet:-1, max-image-preview:large, max-video-preview:-1\" \/>\n<link rel=\"canonical\" href=\"https:\/\/yoopies.no\/c\/svart-til-hvit-vaskehjelp\/\" \/>\n<meta property=\"og:locale\" content=\"nb_NO\" \/>\n<meta property=\"og:type\" content=\"article\" \/>\n<meta property=\"og:title\" content=\"Fra svart til hvit: Hvordan rapportere om l\u00f8nnet vaskehjelp\" \/>\n<meta property=\"og:description\" content=\"\u00c5 betale rengj\u00f8ringshjelpen hvitt kan for mange virke un\u00f8dvendig mye jobb, men ulempene ved \u00e5 betale personen hvitt er f\u00e5, og trenger ikke n\u00f8dvendigvis bli s\u00e5 mye dyrere.\" \/>\n<meta property=\"og:url\" content=\"https:\/\/yoopies.no\/c\/svart-til-hvit-vaskehjelp\/\" \/>\n<meta property=\"og:site_name\" content=\"Yoopies Norge\" \/>\n<meta property=\"article:modified_time\" content=\"2025-06-12T08:49:42+00:00\" \/>\n<meta property=\"og:image\" content=\"https:\/\/yoopies.no\/c\/wp-content\/uploads\/sites\/14\/2019\/10\/e615f9c658916263fcacb7860d574ba27c7c2787-vaskedame.jpg\" \/>\n\t<meta property=\"og:image:width\" content=\"1200\" \/>\n\t<meta property=\"og:image:height\" content=\"800\" \/>\n\t<meta property=\"og:image:type\" content=\"image\/jpeg\" \/>\n<meta name=\"twitter:card\" content=\"summary_large_image\" \/>\n<meta name=\"twitter:label1\" content=\"Ansl. lesetid\" \/>\n\t<meta name=\"twitter:data1\" content=\"4 minutter\" \/>\n<script type=\"application\/ld+json\" class=\"yoast-schema-graph\">{\"@context\":\"https:\/\/schema.org\",\"@graph\":[{\"@type\":\"WebPage\",\"@id\":\"https:\/\/yoopies.no\/c\/svart-til-hvit-vaskehjelp\/\",\"url\":\"https:\/\/yoopies.no\/c\/svart-til-hvit-vaskehjelp\/\",\"name\":\"Fra svart til hvit: Hvordan rapportere om l\u00f8nnet vaskehjelp\",\"isPartOf\":{\"@id\":\"https:\/\/yoopies.no\/c\/#website\"},\"primaryImageOfPage\":{\"@id\":\"https:\/\/yoopies.no\/c\/svart-til-hvit-vaskehjelp\/#primaryimage\"},\"image\":{\"@id\":\"https:\/\/yoopies.no\/c\/svart-til-hvit-vaskehjelp\/#primaryimage\"},\"thumbnailUrl\":\"https:\/\/yoopies.no\/c\/wp-content\/uploads\/sites\/14\/2019\/10\/e615f9c658916263fcacb7860d574ba27c7c2787-vaskedame.jpg\",\"datePublished\":\"2019-10-22T10:18:20+00:00\",\"dateModified\":\"2025-06-12T08:49:42+00:00\",\"description\":\"\u00c5 betale rengj\u00f8ringshjelpen hvitt kan for mange virke un\u00f8dvendig mye jobb, men ulempene ved \u00e5 betale personen hvitt er f\u00e5, og trenger ikke n\u00f8dvendigvis bli s\u00e5 mye dyrere.\",\"breadcrumb\":{\"@id\":\"https:\/\/yoopies.no\/c\/svart-til-hvit-vaskehjelp\/#breadcrumb\"},\"inLanguage\":\"nb-NO\",\"potentialAction\":[{\"@type\":\"ReadAction\",\"target\":[\"https:\/\/yoopies.no\/c\/svart-til-hvit-vaskehjelp\/\"]}]},{\"@type\":\"ImageObject\",\"inLanguage\":\"nb-NO\",\"@id\":\"https:\/\/yoopies.no\/c\/svart-til-hvit-vaskehjelp\/#primaryimage\",\"url\":\"https:\/\/yoopies.no\/c\/wp-content\/uploads\/sites\/14\/2019\/10\/e615f9c658916263fcacb7860d574ba27c7c2787-vaskedame.jpg\",\"contentUrl\":\"https:\/\/yoopies.no\/c\/wp-content\/uploads\/sites\/14\/2019\/10\/e615f9c658916263fcacb7860d574ba27c7c2787-vaskedame.jpg\",\"width\":1200,\"height\":800},{\"@type\":\"BreadcrumbList\",\"@id\":\"https:\/\/yoopies.no\/c\/svart-til-hvit-vaskehjelp\/#breadcrumb\",\"itemListElement\":[{\"@type\":\"ListItem\",\"position\":1,\"name\":\"Home\",\"item\":\"https:\/\/yoopies.no\/c\/\"},{\"@type\":\"ListItem\",\"position\":2,\"name\":\"Fra svart til hvit: Hvordan rapportere om l\u00f8nnet vaskehjelp\"}]},{\"@type\":\"WebSite\",\"@id\":\"https:\/\/yoopies.no\/c\/#website\",\"url\":\"https:\/\/yoopies.no\/c\/\",\"name\":\"Yoopies Norge\",\"description\":\"\",\"potentialAction\":[{\"@type\":\"SearchAction\",\"target\":{\"@type\":\"EntryPoint\",\"urlTemplate\":\"https:\/\/yoopies.no\/c\/?s={search_term_string}\"},\"query-input\":{\"@type\":\"PropertyValueSpecification\",\"valueRequired\":true,\"valueName\":\"search_term_string\"}}],\"inLanguage\":\"nb-NO\"}]}<\/script>\n<!-- \/ Yoast SEO plugin. -->","yoast_head_json":{"title":"Fra svart til hvit: Hvordan rapportere om l\u00f8nnet vaskehjelp","description":"\u00c5 betale rengj\u00f8ringshjelpen hvitt kan for mange virke un\u00f8dvendig mye jobb, men ulempene ved \u00e5 betale personen hvitt er f\u00e5, og trenger ikke n\u00f8dvendigvis bli s\u00e5 mye dyrere.","robots":{"index":"index","follow":"follow","max-snippet":"max-snippet:-1","max-image-preview":"max-image-preview:large","max-video-preview":"max-video-preview:-1"},"canonical":"https:\/\/yoopies.no\/c\/svart-til-hvit-vaskehjelp\/","og_locale":"nb_NO","og_type":"article","og_title":"Fra svart til hvit: Hvordan rapportere om l\u00f8nnet vaskehjelp","og_description":"\u00c5 betale rengj\u00f8ringshjelpen hvitt kan for mange virke un\u00f8dvendig mye jobb, men ulempene ved \u00e5 betale personen hvitt er f\u00e5, og trenger ikke n\u00f8dvendigvis bli s\u00e5 mye dyrere.","og_url":"https:\/\/yoopies.no\/c\/svart-til-hvit-vaskehjelp\/","og_site_name":"Yoopies Norge","article_modified_time":"2025-06-12T08:49:42+00:00","og_image":[{"width":1200,"height":800,"url":"https:\/\/yoopies.no\/c\/wp-content\/uploads\/sites\/14\/2019\/10\/e615f9c658916263fcacb7860d574ba27c7c2787-vaskedame.jpg","type":"image\/jpeg"}],"twitter_card":"summary_large_image","twitter_misc":{"Ansl. lesetid":"4 minutter"},"schema":{"@context":"https:\/\/schema.org","@graph":[{"@type":"WebPage","@id":"https:\/\/yoopies.no\/c\/svart-til-hvit-vaskehjelp\/","url":"https:\/\/yoopies.no\/c\/svart-til-hvit-vaskehjelp\/","name":"Fra svart til hvit: Hvordan rapportere om l\u00f8nnet vaskehjelp","isPartOf":{"@id":"https:\/\/yoopies.no\/c\/#website"},"primaryImageOfPage":{"@id":"https:\/\/yoopies.no\/c\/svart-til-hvit-vaskehjelp\/#primaryimage"},"image":{"@id":"https:\/\/yoopies.no\/c\/svart-til-hvit-vaskehjelp\/#primaryimage"},"thumbnailUrl":"https:\/\/yoopies.no\/c\/wp-content\/uploads\/sites\/14\/2019\/10\/e615f9c658916263fcacb7860d574ba27c7c2787-vaskedame.jpg","datePublished":"2019-10-22T10:18:20+00:00","dateModified":"2025-06-12T08:49:42+00:00","description":"\u00c5 betale rengj\u00f8ringshjelpen hvitt kan for mange virke un\u00f8dvendig mye jobb, men ulempene ved \u00e5 betale personen hvitt er f\u00e5, og trenger ikke n\u00f8dvendigvis bli s\u00e5 mye dyrere.","breadcrumb":{"@id":"https:\/\/yoopies.no\/c\/svart-til-hvit-vaskehjelp\/#breadcrumb"},"inLanguage":"nb-NO","potentialAction":[{"@type":"ReadAction","target":["https:\/\/yoopies.no\/c\/svart-til-hvit-vaskehjelp\/"]}]},{"@type":"ImageObject","inLanguage":"nb-NO","@id":"https:\/\/yoopies.no\/c\/svart-til-hvit-vaskehjelp\/#primaryimage","url":"https:\/\/yoopies.no\/c\/wp-content\/uploads\/sites\/14\/2019\/10\/e615f9c658916263fcacb7860d574ba27c7c2787-vaskedame.jpg","contentUrl":"https:\/\/yoopies.no\/c\/wp-content\/uploads\/sites\/14\/2019\/10\/e615f9c658916263fcacb7860d574ba27c7c2787-vaskedame.jpg","width":1200,"height":800},{"@type":"BreadcrumbList","@id":"https:\/\/yoopies.no\/c\/svart-til-hvit-vaskehjelp\/#breadcrumb","itemListElement":[{"@type":"ListItem","position":1,"name":"Home","item":"https:\/\/yoopies.no\/c\/"},{"@type":"ListItem","position":2,"name":"Fra svart til hvit: Hvordan rapportere om l\u00f8nnet vaskehjelp"}]},{"@type":"WebSite","@id":"https:\/\/yoopies.no\/c\/#website","url":"https:\/\/yoopies.no\/c\/","name":"Yoopies Norge","description":"","potentialAction":[{"@type":"SearchAction","target":{"@type":"EntryPoint","urlTemplate":"https:\/\/yoopies.no\/c\/?s={search_term_string}"},"query-input":{"@type":"PropertyValueSpecification","valueRequired":true,"valueName":"search_term_string"}}],"inLanguage":"nb-NO"}]}},"_links":{"self":[{"href":"https:\/\/yoopies.no\/c\/wp-json\/wp\/v2\/pages\/27","targetHints":{"allow":["GET"]}}],"collection":[{"href":"https:\/\/yoopies.no\/c\/wp-json\/wp\/v2\/pages"}],"about":[{"href":"https:\/\/yoopies.no\/c\/wp-json\/wp\/v2\/types\/page"}],"author":[{"embeddable":true,"href":"https:\/\/yoopies.no\/c\/wp-json\/wp\/v2\/users\/10"}],"replies":[{"embeddable":true,"href":"https:\/\/yoopies.no\/c\/wp-json\/wp\/v2\/comments?post=27"}],"version-history":[{"count":1,"href":"https:\/\/yoopies.no\/c\/wp-json\/wp\/v2\/pages\/27\/revisions"}],"predecessor-version":[{"id":31,"href":"https:\/\/yoopies.no\/c\/wp-json\/wp\/v2\/pages\/27\/revisions\/31"}],"wp:featuredmedia":[{"embeddable":true,"href":"https:\/\/yoopies.no\/c\/wp-json\/wp\/v2\/media\/30"}],"wp:attachment":[{"href":"https:\/\/yoopies.no\/c\/wp-json\/wp\/v2\/media?parent=27"}],"curies":[{"name":"wp","href":"https:\/\/api.w.org\/{rel}","templated":true}]}}