{"id":19,"date":"2019-10-25T08:35:12","date_gmt":"2019-10-25T08:35:12","guid":{"rendered":"https:\/\/blog.yoopies.no\/helgevask-unnagjort-raskt\/"},"modified":"2025-06-12T08:49:43","modified_gmt":"2025-06-12T08:49:43","slug":"helgevask-unnagjort-raskt","status":"publish","type":"page","link":"https:\/\/yoopies.no\/c\/helgevask-unnagjort-raskt\/","title":{"rendered":"Slik f\u00e5r du helgevasken unnagjort p\u00e5 1-2-3!"},"content":{"rendered":"<p><p>Hvem har vel ikke lyst til &aring; bruke helgen p&aring; &aring; slappe av? Men har du ikke vaskehjelp vet du kanskje hva som venter: <em>helgevasken. <\/em>Hvem har vel lyst til &aring; bruke timesvis av fridagene sine p&aring; &aring; vaske huset? Her er noen tips til hva du kan gj&oslash;re for en effektiv helgevask slik at du kan f&aring; mest mulig ut av helgen! <\/p>\n<\/p>\n<figure><img decoding=\"async\" src=\"https:\/\/yoopies.no\/c\/wp-content\/uploads\/sites\/14\/2019\/10\/d4dcbb11a6e198032919743dfadbd0e97ca7b663-vaske-huset.jpg\" \/><figcaption>\u00c5 vaske kj\u00f8kkenet er en del av helgevasken<\/figcaption><\/figure>\n<p><h2><strong>1. Bruk 10 minutter hver dag<\/strong><\/h2>\n<p>For &aring; kunne gj&oslash;re husvasken en fei er det viktig at man ikke lar det bli helt kaos resten av uken. Det man kan starte med er &aring; f&aring; en rutine p&aring; &aring; holde det ryddig. N&aring;r du bruker en ting b&oslash;r du legge den tilbake der den h&oslash;rer hjemme. Vi har alle den stolen p&aring; rommet som er dekket av kl&aelig;r. Hva med &aring; legge plaggene tilbake n&aring;r vi ikke bruker dem? Eller legge de i skittent&oslash;yskurven om de er skitne. Det er ikke s&aring; vanskelig &aring; holde det ryddig om man bare g&aring;r inn for det, og husvasken g&aring;r s&aring; mye raskere n&aring;r man slipper &aring; rydde bort alt rotet f&oslash;rst.<\/p>\n<\/p>\n<p><h2><strong>2. Ha noe &aring; se frem til<\/strong><\/h2>\n<p>Den beste motivasjonen for &aring; gj&oslash;re noe er &aring; ha noe &aring; se frem til &#8211; noe &aring; jobbe i mot! Helgen er til for &aring; slappe av, s&aring; om du ikke har en vaskehjelp og m&aring; ta helgevasken selv, kan det v&aelig;re en fordel &aring; ha planer etterp&aring;. Kanskje kj&oslash;pe inn noe du kan kose deg med etterp&aring;. Et glass vin i badekaret p&aring; det skinnende rene badet, eller noe godt til middag. Finn noe du kan bel&oslash;nne deg med n&aring;r du er ferdig!<\/p>\n<\/p>\n<p><h2><strong>3. Sett p&aring; musikk eller en podcast<\/strong><\/h2>\n<p>Noe som f&aring;r tiden til &aring; g&aring; ekstra raskt er om man setter p&aring; litt fengende musikk eller h&oslash;rer p&aring; en podcast. Du vil v&aelig;re s&aring; opphengt i det at du glemmer at du st&aring;r og skrubber toalettet. Sett p&aring; en true crime-podcast eller de beste dansel&aring;tene og kom i gang med vasken!<\/p>\n<\/p>\n<p><h2><strong>4. Start p&aring; torsdagen<\/strong><\/h2>\n<p>En m&aring;te &aring; unng&aring; &aring; bruke en hel l&oslash;rdag p&aring; &aring; ta helgevasken er &aring; ta litt og litt i ukedagene. Hvorfor ikke bruke torsdagen p&aring; &aring; vaske slik at man kan dra nytte av &aring; ha hele helgen fri. Ingen bekymringer, bare ren avslapning. Mange er nok slitne etter jobb, og med barn kan det v&aelig;re vanskelig &aring; f&aring; gjort noe som helst. En id&eacute; kan v&aelig;re &aring; gj&oslash;re halvparten av jobben p&aring; torsdagen, slik at du kun bruker halvparten av tiden p&aring; vask i helgen. Du kan for eksempel rydde og st&oslash;vsuge hele huset slik at du bare vasker over p&aring; l&oslash;rdagen. Du vil spare tid og vil kunne nyte resten av helgen i et rent hjem.<\/p>\n<\/p>\n<figure><img decoding=\"async\" src=\"https:\/\/yoopies.no\/c\/wp-content\/uploads\/sites\/14\/2019\/10\/7aaf807d7c32390ecda5da7cae4717a711e354b1-helgevask.jpg\" \/><figcaption>Vaskedame som vasker hyller<\/figcaption><\/figure>\n<p><h2><strong>5. Vask p&aring; strategisk vis<\/strong><\/h2>\n<p>N&aring;r man vasker kan det v&aelig;re frustrerende at det blir skittent igjen med en gang man er ferdig. Start med &aring; vaske flater h&oslash;yest opp mot taket og jobb deg nedover. Da slipper du st&oslash;v som faller ned p&aring; de rene flatene. Gulvet tar du til slutt. Noe som kan gj&oslash;re vasken enda raskere er &aring; vaske hyller ofte. Det er lett &aring; hoppe over vask av hyller ettersom st&oslash;vet som samler seg der ikke er synlig, men dette st&oslash;vet forflytter seg ved bevegelser. Unng&aring; at st&oslash;vet legger seg overalt ved &aring; vaske hyller oftere.<\/p>\n<\/p>\n<p><p>Om du ikke vasker selv og s&oslash;ker en vaskehjelp enten i Oslo, Bergen, Trondheim eller Stavanger kan du finne det p&aring; <strong><a target=\"_blank\" rel=\"noopener\" href=\"https:\/\/yoopies.no\">Yoopies<\/a><\/strong>. La helgene forbli hviledager! La noen andre ta seg av rengj&oslash;ringen!<\/p>\n<\/p>\n<p><a class=\"button\" href=\"https:\/\/yoopies.no\/cleaning-services\">FINN EN VASKEHJELP HER!<\/a><\/p>\n","protected":false},"excerpt":{"rendered":"<p>Hvem har vel ikke lyst til &aring; bruke helgen p&aring; &aring; slappe av? Men har &hellip; <\/p>\n","protected":false},"author":10,"featured_media":22,"parent":0,"menu_order":0,"comment_status":"closed","ping_status":"closed","template":"","meta":{"_acf_changed":false,"footnotes":""},"class_list":["post-19","page","type-page","status-publish","has-post-thumbnail","hentry"],"acf":[],"yoast_head":"<!-- This site is optimized with the Yoast SEO plugin v26.9 - https:\/\/yoast.com\/product\/yoast-seo-wordpress\/ -->\n<title>Slik f\u00e5r du unnagjort helgevasken raskt<\/title>\n<meta name=\"description\" content=\"Unng\u00e5 \u00e5 sl\u00f8se bort fridagene p\u00e5 helgevasken. Her en 5 tips til hvordan du kan vaske raskt.\" \/>\n<meta name=\"robots\" content=\"index, follow, max-snippet:-1, max-image-preview:large, max-video-preview:-1\" \/>\n<link rel=\"canonical\" href=\"https:\/\/yoopies.no\/c\/helgevask-unnagjort-raskt\/\" \/>\n<meta property=\"og:locale\" content=\"nb_NO\" \/>\n<meta property=\"og:type\" content=\"article\" \/>\n<meta property=\"og:title\" content=\"Slik f\u00e5r du unnagjort helgevasken raskt\" \/>\n<meta property=\"og:description\" content=\"Unng\u00e5 \u00e5 sl\u00f8se bort fridagene p\u00e5 helgevasken. Her en 5 tips til hvordan du kan vaske raskt.\" \/>\n<meta property=\"og:url\" content=\"https:\/\/yoopies.no\/c\/helgevask-unnagjort-raskt\/\" \/>\n<meta property=\"og:site_name\" content=\"Yoopies Norge\" \/>\n<meta property=\"article:modified_time\" content=\"2025-06-12T08:49:43+00:00\" \/>\n<meta property=\"og:image\" content=\"https:\/\/yoopies.no\/c\/wp-content\/uploads\/sites\/14\/2019\/10\/db425dfd8ebcd913afe377c8d25ab87f1aa45137-helgevask.jpg\" \/>\n\t<meta property=\"og:image:width\" content=\"1200\" \/>\n\t<meta property=\"og:image:height\" content=\"675\" \/>\n\t<meta property=\"og:image:type\" content=\"image\/jpeg\" \/>\n<meta name=\"twitter:card\" content=\"summary_large_image\" \/>\n<meta name=\"twitter:label1\" content=\"Ansl. lesetid\" \/>\n\t<meta name=\"twitter:data1\" content=\"4 minutter\" \/>\n<script type=\"application\/ld+json\" class=\"yoast-schema-graph\">{\"@context\":\"https:\/\/schema.org\",\"@graph\":[{\"@type\":\"WebPage\",\"@id\":\"https:\/\/yoopies.no\/c\/helgevask-unnagjort-raskt\/\",\"url\":\"https:\/\/yoopies.no\/c\/helgevask-unnagjort-raskt\/\",\"name\":\"Slik f\u00e5r du unnagjort helgevasken raskt\",\"isPartOf\":{\"@id\":\"https:\/\/yoopies.no\/c\/#website\"},\"primaryImageOfPage\":{\"@id\":\"https:\/\/yoopies.no\/c\/helgevask-unnagjort-raskt\/#primaryimage\"},\"image\":{\"@id\":\"https:\/\/yoopies.no\/c\/helgevask-unnagjort-raskt\/#primaryimage\"},\"thumbnailUrl\":\"https:\/\/yoopies.no\/c\/wp-content\/uploads\/sites\/14\/2019\/10\/db425dfd8ebcd913afe377c8d25ab87f1aa45137-helgevask.jpg\",\"datePublished\":\"2019-10-25T08:35:12+00:00\",\"dateModified\":\"2025-06-12T08:49:43+00:00\",\"description\":\"Unng\u00e5 \u00e5 sl\u00f8se bort fridagene p\u00e5 helgevasken. Her en 5 tips til hvordan du kan vaske raskt.\",\"breadcrumb\":{\"@id\":\"https:\/\/yoopies.no\/c\/helgevask-unnagjort-raskt\/#breadcrumb\"},\"inLanguage\":\"nb-NO\",\"potentialAction\":[{\"@type\":\"ReadAction\",\"target\":[\"https:\/\/yoopies.no\/c\/helgevask-unnagjort-raskt\/\"]}]},{\"@type\":\"ImageObject\",\"inLanguage\":\"nb-NO\",\"@id\":\"https:\/\/yoopies.no\/c\/helgevask-unnagjort-raskt\/#primaryimage\",\"url\":\"https:\/\/yoopies.no\/c\/wp-content\/uploads\/sites\/14\/2019\/10\/db425dfd8ebcd913afe377c8d25ab87f1aa45137-helgevask.jpg\",\"contentUrl\":\"https:\/\/yoopies.no\/c\/wp-content\/uploads\/sites\/14\/2019\/10\/db425dfd8ebcd913afe377c8d25ab87f1aa45137-helgevask.jpg\",\"width\":1200,\"height\":675},{\"@type\":\"BreadcrumbList\",\"@id\":\"https:\/\/yoopies.no\/c\/helgevask-unnagjort-raskt\/#breadcrumb\",\"itemListElement\":[{\"@type\":\"ListItem\",\"position\":1,\"name\":\"Home\",\"item\":\"https:\/\/yoopies.no\/c\/\"},{\"@type\":\"ListItem\",\"position\":2,\"name\":\"Slik f\u00e5r du helgevasken unnagjort p\u00e5 1-2-3!\"}]},{\"@type\":\"WebSite\",\"@id\":\"https:\/\/yoopies.no\/c\/#website\",\"url\":\"https:\/\/yoopies.no\/c\/\",\"name\":\"Yoopies Norge\",\"description\":\"\",\"potentialAction\":[{\"@type\":\"SearchAction\",\"target\":{\"@type\":\"EntryPoint\",\"urlTemplate\":\"https:\/\/yoopies.no\/c\/?s={search_term_string}\"},\"query-input\":{\"@type\":\"PropertyValueSpecification\",\"valueRequired\":true,\"valueName\":\"search_term_string\"}}],\"inLanguage\":\"nb-NO\"}]}<\/script>\n<!-- \/ Yoast SEO plugin. -->","yoast_head_json":{"title":"Slik f\u00e5r du unnagjort helgevasken raskt","description":"Unng\u00e5 \u00e5 sl\u00f8se bort fridagene p\u00e5 helgevasken. Her en 5 tips til hvordan du kan vaske raskt.","robots":{"index":"index","follow":"follow","max-snippet":"max-snippet:-1","max-image-preview":"max-image-preview:large","max-video-preview":"max-video-preview:-1"},"canonical":"https:\/\/yoopies.no\/c\/helgevask-unnagjort-raskt\/","og_locale":"nb_NO","og_type":"article","og_title":"Slik f\u00e5r du unnagjort helgevasken raskt","og_description":"Unng\u00e5 \u00e5 sl\u00f8se bort fridagene p\u00e5 helgevasken. Her en 5 tips til hvordan du kan vaske raskt.","og_url":"https:\/\/yoopies.no\/c\/helgevask-unnagjort-raskt\/","og_site_name":"Yoopies Norge","article_modified_time":"2025-06-12T08:49:43+00:00","og_image":[{"width":1200,"height":675,"url":"https:\/\/yoopies.no\/c\/wp-content\/uploads\/sites\/14\/2019\/10\/db425dfd8ebcd913afe377c8d25ab87f1aa45137-helgevask.jpg","type":"image\/jpeg"}],"twitter_card":"summary_large_image","twitter_misc":{"Ansl. lesetid":"4 minutter"},"schema":{"@context":"https:\/\/schema.org","@graph":[{"@type":"WebPage","@id":"https:\/\/yoopies.no\/c\/helgevask-unnagjort-raskt\/","url":"https:\/\/yoopies.no\/c\/helgevask-unnagjort-raskt\/","name":"Slik f\u00e5r du unnagjort helgevasken raskt","isPartOf":{"@id":"https:\/\/yoopies.no\/c\/#website"},"primaryImageOfPage":{"@id":"https:\/\/yoopies.no\/c\/helgevask-unnagjort-raskt\/#primaryimage"},"image":{"@id":"https:\/\/yoopies.no\/c\/helgevask-unnagjort-raskt\/#primaryimage"},"thumbnailUrl":"https:\/\/yoopies.no\/c\/wp-content\/uploads\/sites\/14\/2019\/10\/db425dfd8ebcd913afe377c8d25ab87f1aa45137-helgevask.jpg","datePublished":"2019-10-25T08:35:12+00:00","dateModified":"2025-06-12T08:49:43+00:00","description":"Unng\u00e5 \u00e5 sl\u00f8se bort fridagene p\u00e5 helgevasken. Her en 5 tips til hvordan du kan vaske raskt.","breadcrumb":{"@id":"https:\/\/yoopies.no\/c\/helgevask-unnagjort-raskt\/#breadcrumb"},"inLanguage":"nb-NO","potentialAction":[{"@type":"ReadAction","target":["https:\/\/yoopies.no\/c\/helgevask-unnagjort-raskt\/"]}]},{"@type":"ImageObject","inLanguage":"nb-NO","@id":"https:\/\/yoopies.no\/c\/helgevask-unnagjort-raskt\/#primaryimage","url":"https:\/\/yoopies.no\/c\/wp-content\/uploads\/sites\/14\/2019\/10\/db425dfd8ebcd913afe377c8d25ab87f1aa45137-helgevask.jpg","contentUrl":"https:\/\/yoopies.no\/c\/wp-content\/uploads\/sites\/14\/2019\/10\/db425dfd8ebcd913afe377c8d25ab87f1aa45137-helgevask.jpg","width":1200,"height":675},{"@type":"BreadcrumbList","@id":"https:\/\/yoopies.no\/c\/helgevask-unnagjort-raskt\/#breadcrumb","itemListElement":[{"@type":"ListItem","position":1,"name":"Home","item":"https:\/\/yoopies.no\/c\/"},{"@type":"ListItem","position":2,"name":"Slik f\u00e5r du helgevasken unnagjort p\u00e5 1-2-3!"}]},{"@type":"WebSite","@id":"https:\/\/yoopies.no\/c\/#website","url":"https:\/\/yoopies.no\/c\/","name":"Yoopies Norge","description":"","potentialAction":[{"@type":"SearchAction","target":{"@type":"EntryPoint","urlTemplate":"https:\/\/yoopies.no\/c\/?s={search_term_string}"},"query-input":{"@type":"PropertyValueSpecification","valueRequired":true,"valueName":"search_term_string"}}],"inLanguage":"nb-NO"}]}},"_links":{"self":[{"href":"https:\/\/yoopies.no\/c\/wp-json\/wp\/v2\/pages\/19","targetHints":{"allow":["GET"]}}],"collection":[{"href":"https:\/\/yoopies.no\/c\/wp-json\/wp\/v2\/pages"}],"about":[{"href":"https:\/\/yoopies.no\/c\/wp-json\/wp\/v2\/types\/page"}],"author":[{"embeddable":true,"href":"https:\/\/yoopies.no\/c\/wp-json\/wp\/v2\/users\/10"}],"replies":[{"embeddable":true,"href":"https:\/\/yoopies.no\/c\/wp-json\/wp\/v2\/comments?post=19"}],"version-history":[{"count":1,"href":"https:\/\/yoopies.no\/c\/wp-json\/wp\/v2\/pages\/19\/revisions"}],"predecessor-version":[{"id":23,"href":"https:\/\/yoopies.no\/c\/wp-json\/wp\/v2\/pages\/19\/revisions\/23"}],"wp:featuredmedia":[{"embeddable":true,"href":"https:\/\/yoopies.no\/c\/wp-json\/wp\/v2\/media\/22"}],"wp:attachment":[{"href":"https:\/\/yoopies.no\/c\/wp-json\/wp\/v2\/media?parent=19"}],"curies":[{"name":"wp","href":"https:\/\/api.w.org\/{rel}","templated":true}]}}